 by a.
22
Suppose 0 = -k - 4*k - 5. Let q be 45/1 + k*3. Let n = q + 15. What is the remainder when n is divided by 15?
12
Calculate the remainder when 112 is divided by (1 - -28 - -2 - -1) + 7.
34
What is the remainder when 198 + -9 - (-9 + 1) is divided by 100?
97
Suppose 2*h - 78 = h. Let m(s) = -53*s + 16. Calculate the remainder when h is divided by m(0).
14
Let m(l) = -298*l**3 + 61 + 2*l**2 + 297*l**3 - 17 - l**2. Suppose 3*d = -0*d + 69. What is the remainder when m(0) is divided by d?
21
Let x = -28 - -5. Let t = -3 - x. What is the remainder when t is divided by 8?
4
Let m(k) be the second derivative of k**4/12 + k**3/6 + 15*k**2 + 15*k. Let c be (-1)/(-3) + 2/(-6). Calculate the remainder when m(c) is divided by 11.
8
Let m(z) = -z**3 + z**2 + 14. Suppose 4*h + 5*b = -52, -5*h - b = -3 + 68. Calculate the remainder when (h*2*12/8)/(-1) is divided by m(0).
11
Let a(f) = -f**3 + 7*f**2 - 2*f - 11. Let p be a(6). Let i(q) = -2*q + 29. Let d be i(p). Suppose o + 22 = d*o. Calculate the remainder when o is divided by 4.
3
Suppose -577*y = -591*y + 7686. Calculate the remainder when y is divided by 69.
66
Let y(o) be the first derivative of -o**2/2 + 12*o + 13. Let f be y(-6). Let u = f - 16. What is the remainder when u is divided by 1?
0
Let q = 3 + -7. Suppose -3*a = -f - 94, -2*a = 3*a + 4*f - 185. Calculate the remainder when a is divided by (-129)/(-15) + q/(-10).
6
Let f(g) = 2*g**2 + 47*g - 285. Calculate the remainder when f(6) is divided by (-4)/(-2) - (-24 - 0).
17
Let j = 102 + -83. Let w(m) = m - 10. Let c be w(7). What is the remainder when (-221)/c - (-5)/15 is divided by j?
17
Suppose 5*t - 84 - 51 = -5*f, -4*f + 128 = -t. Let s = 34 - f. What is the remainder when s is divided by 1?
0
Let f = 18 - 11. Let r = -2 + f. Suppose -r*l - 44 = -239. Calculate the remainder when l is divided by 20.
19
Let x = 1392 + -1390. Let o = -2 + 3. Calculate the remainder when x is divided by o.
0
Let f(j) = 31*j**2 + 3*j + j - 16 - 59*j**2 + 31*j**2. Calculate the remainder when f(4) is divided by 25.
23
Suppose 0 = -6*k + 10*k + 232. Let y = k + 71. Suppose 2*g + j + 1 - 11 = 0, 5*g - 4*j - 51 = 0. Calculate the remainder when y is divided by g.
6
Let l = 1234 - 482. What is the remainder when l is divided by 29?
27
Suppose -a + 2*q = -25, 0 = 2*a - 5*q + 24 - 78. Calculate the remainder when (-3)/(0 + 1/(-11)) is divided by a.
16
Let o = 516 - 464. What is the remainder when 252 is divided by o?
44
Suppose 17*h - 15 = 16*h. Suppose -11 = -4*x + 1. Suppose x*r - 88 = r. What is the remainder when r is divided by h?
14
Let h(m) = 33*m + 180. What is the remainder when 118 is divided by h(-5)?
13
Let k = 25 - -12. Calculate the remainder when 151 + (7 - 11 - 0) is divided by k.
36
Suppose 2*i - 3*l + 2*l - 89 = 0, -i + 4*l + 62 = 0. Suppose -6*o + 234 = 3*o. Suppose -4*c = -i - o. What is the remainder when 65 is divided by c?
14
Let j = -99 + 221. Let p = 113 + -82. What is the remainder when j is divided by p?
29
What is the remainder when 102/10 + (-90)/(-50) is divided by 6 - (4 - (-2 + 4))?
0
Let v = 55 - 30. Let f be 15/(-5) - (1 + -6). Suppose f*o = -o + 27. Calculate the remainder when v is divided by o.
7
Suppose -5*f + f = -5*n - 226, -5*f = -3*n - 289. What is the remainder when f is divided by 6?
5
Let u(m) = m**2 + m - 3. Calculate the remainder when 210 is divided by u(5).
21
Let w = 127 - 20. Calculate the remainder when w is divided by 21.
2
Suppose -a = -73 + 11. Calculate the remainder when a is divided by 25.
12
Suppose 7*g - 150 = 200. Suppose -c + 8 = -5. Calculate the remainder when g is divided by c.
11
What is the remainder when 1090 is divided by (10/20 - 2)/(9/(-312))?
50
Let d be -2 - (3 + -1 - 4). Let a(x) be the first derivative of x**2 + 65*x + 135. Calculate the remainder when a(d) is divided by 22.
21
Suppose 5*f = -4*y - 1 + 4, -y - 1 = 3*f. Let n(p) = -y*p**2 - 5*p + 4*p + 11 + 3. Calculate the remainder when 36 is divided by n(0).
8
Suppose -3*i + 16 = 5*r, -3*r = -5*i - 2 + 6. Suppose -4*z = -3*z + 4*j, -4*j + 8 = i*z. Calculate the remainder when z is divided by 5.
3
Suppose 5*f + 463 = 3*u, -u + 76 = -3*f - 77. Calculate the remainder when u is divided by 23.
18
Suppose 7 - 65 = -2*d. Let c = 78 - 32. Let n = 62 - c. Calculate the remainder when d is divided by n.
13
Let b(m) = -m**3 + 18. What is the remainder when (50*(-6)/42)/((-5)/35) is divided by b(0)?
14
Suppose -5*s = -3*s - 3*d - 226, 5*d = -20. Calculate the remainder when s is divided by 36.
35
Let h(w) = 3*w - 47. Let o be h(11). What is the remainder when o*((-35)/(-2))/(-5) is divided by 10?
9
Let u(h) = -h**3 - 11*h**2 - 2*h + 10. Let d = 11 - 8. Calculate the remainder when u(-11) is divided by 3 - ((-22)/2 + d).
10
Let c = -48 - -48. Calculate the remainder when 184 - 16 - (c + (-1)/(-1)) is divided by 12.
11
Suppose -2*t = 1 - 5. Suppose 0 = t*m - 19 + 5. Suppose 5*r - 38 = m. Calculate the remainder when r is divided by 4.
1
Let y(v) = -2 - 1 + 13 + 8 + 19*v. Calculate the remainder when y(4) is divided by 19.
18
Let v = -1145 + 1205. What is the remainder when 1497 is divided by v?
57
Let v(a) = 4*a**2 - 33*a + 2. Suppose 0 = 3*k - k. Let l = k - -8. What is the remainder when v(9) is divided by l?
5
Let o be (-1215)/(-33) - (-4)/22. Suppose 5*s - 5*q = 145, -o = 3*s - 4*s + 3*q. Suppose -4*l - s = -9*l. Calculate the remainder when 18 is divided by l.
3
Let p(h) be the third derivative of h**6/120 + 13*h**5/60 - 13*h**4/24 + 8*h**3/3 + 24*h**2. Calculate the remainder when 8 is divided by p(-14).
0
Suppose 4*x + 98 = 3*u, u + 2*x - 18 = 7*x. Suppose 807 = 42*i + 261. What is the remainder when u is divided by i?
12
Let r = 16 + -13. What is the remainder when (0 - (-6)/12)*(-1 + r) is divided by 1?
0
Suppose q - 2*q = -15. Suppose 2*n + q = 7*n. Let i(s) = s**3 - 8*s**2 + 8*s - 4. Calculate the remainder when n is divided by i(7).
0
Let b = -116 - -124. Calculate the remainder when 15 is divided by b.
7
Suppose 0 = 7*r + 137 - 543. Calculate the remainder when r is divided by 17.
7
Let c(w) = 31*w - 7. Let s(t) = -3*t - 16. Let b be s(-6). Calculate the remainder when c(b) is divided by 14.
13
Suppose 17*c - 1071 = 323. What is the remainder when c is divided by (-50)/(-3) - (-3)/9?
14
Calculate the remainder when ((-61760)/(-960))/((2 - 0)/6) is divided by 34.
23
Let s be ((-9)/4)/((-2)/16). Let z be (6/s)/((-1)/(-12)). Suppose 0 = z*r - 34 - 30. Calculate the remainder when 29 is divided by r.
13
Suppose 4*k - 697 = 5*j, 0*k + 188 = k - 4*j. Suppose -4*t - 4*h = -236, -4*h - k = -5*t + 100. Calculate the remainder when t is divided by 19.
18
Let h be ((-2)/6)/(1/(-6)). Suppose 124 = 5*i - b, -h*i - i + 74 = -b. Let a = -169 + 243. Calculate the remainder when a is divided by i.
24
Let u = -33 + -22. Let b = 70 + u. Calculate the remainder when 39 + (2 - 8)/(-2) is divided by b.
12
Let t(j) = 2*j - 8. Let i be t(7). Let b = 5 + 0. What is the remainder when b is divided by i - 4/(-4)*-3?
2
Let w = 140 - 31. Calculate the remainder when w is divided by 8.
5
Suppose z - 269 = -4*g, 2*g - 2*z + 93 = 225. Suppose s - 15 = 5*f + 24, 2*f = 5*s - 103. Calculate the remainder when g is divided by s.
10
Suppose -9 - 4 = i + 5*f, 3*i + 2*f = 0. Suppose 0 = -2*o - 3*o + 50. What is the remainder when 2 + 0/i + 16 is divided by o?
8
Let y(n) = n**3 + 6*n**2 - 7*n - 7. Suppose -54 = -3*w + 2*v, w - 5 - 13 = -3*v. Calculate the remainder when y(-5) is divided by w.
17
Let f = 16 + -4. Let m be f/(-4) + (2 - -18). Calculate the remainder when 83 is divided by (m - 14) + (-25)/(-1).
27
Let w be 2*(5 - (3 - -1)). Suppose 2*t + 2*m - 19 = 111, 2*m + 118 = w*t. Calculate the remainder when t is divided by 8.
6
Let k be (1 - 4)*(-25)/15. Suppose 24 = -k*o + 4. What is the remainder when o/(-22) - (-1611)/33 is divided by 17?
15
Let g = 1 + 5. Let t(v) = -49*v + 3 - v**2 + 0 + 56*v. What is the remainder when 26 is divided by t(g)?
8
Let a be (32 - 36) + (-2 + 1 - 4). Let w(s) = 2*s + 4. Let x be w(4). Let d = x + a. Calculate the remainder when 13 is divided by d.
1
Let b(c) = c**2 + 11*c + 2. Let s be b(-11). Suppose -128 = -0*n - s*n. Let d(j) = 3*j**2 - 4*j + 2. Calculate the remainder when n is divided by d(3).
13
Suppose 0 = -2*k + 38 - 8. 